{"id":96,"date":"2022-10-19T15:07:17","date_gmt":"2022-10-19T15:07:17","guid":{"rendered":"https:\/\/stjustetvacquieres.fr\/?page_id=96"},"modified":"2026-03-17T14:53:48","modified_gmt":"2026-03-17T14:53:48","slug":"vie-municipale","status":"publish","type":"page","link":"https:\/\/stjustetvacquieres.fr\/index.php\/vie-municipale\/","title":{"rendered":"La mairie"},"content":{"rendered":"\n<div class=\"wp-block-cover\" style=\"min-height:260px\"><span aria-hidden=\"true\" class=\"wp-block-cover__background has-background-dim wp-block-cover__gradient-background has-background-gradient\" style=\"background:linear-gradient(90deg,rgb(0,0,0) 52%,rgba(150,149,240,0) 96%)\"><\/span><img decoding=\"async\" loading=\"lazy\" width=\"8256\" height=\"5504\" class=\"wp-block-cover__image-background wp-image-179\" alt=\"\" src=\"https:\/\/stjustetvacquieres.fr\/wp-content\/uploads\/2022\/12\/DSC_7899-2.jpg\" data-object-fit=\"cover\"\/><div class=\"wp-block-cover__inner-container\">\n<div class=\"is-layout-constrained wp-container-1 wp-block-group alignwide\">\n<h2 class=\"has-background-color has-text-color\">Vie Municipale<\/h2>\n<\/div>\n<\/div><\/div>\n\n\n\n<div class=\"is-layout-flex wp-container-8 wp-block-columns alignwide\">\n<div class=\"is-layout-flow wp-elements-1d9d0fbd7d2e0bd3a7725d4ab5a56eaa wp-block-column has-text-color has-background has-link-color\" style=\"color:#000000;background-color:#ffe97d;padding-top:2em;padding-right:2em;padding-bottom:2em;padding-left:2em\">\n<h2 id=\"single\" style=\"font-size:40px\">Les travaux<\/h2>\n\n\n\n<p class=\"has-normal-font-size\" style=\"line-height:1.5\"><strong>Travaux en cours,  termin\u00e9s et projet<\/strong><\/p>\n\n\n\n<hr class=\"wp-block-separator has-text-color has-css-opacity has-background is-style-wide\" style=\"background-color:#000000;color:#000000\"\/>\n\n\n\n<ul>\n<li>Retrouvez ici les projets, les travaux en cours et termin\u00e9s<\/li>\n<\/ul>\n\n\n\n<div class=\"is-horizontal is-content-justification-center is-layout-flex wp-container-2 wp-block-buttons alignfull\">\n<div class=\"wp-block-button has-custom-width wp-block-button__width-100\"><a class=\"wp-block-button__link has-white-color has-text-color has-background no-border-radius wp-element-button\" href=\"https:\/\/stjustetvacquieres.fr\/index.php\/les-travaux\/\" style=\"background-color:#000000\" target=\"_blank\" rel=\"noreferrer noopener\">En savoir plus<\/a><\/div>\n<\/div>\n<\/div>\n\n\n\n<div class=\"is-layout-flow wp-elements-12a6e99d514c8d3f21489ecf2ac35f87 wp-block-column has-text-color has-background has-link-color\" style=\"color:#000000;background-color:#d1d1e1;padding-top:2em;padding-right:2em;padding-bottom:2em;padding-left:2em\">\n<h2 id=\"family\" style=\"font-size:40px\">R\u00e9union du conseil municipal<\/h2>\n\n\n\n<p class=\"has-normal-font-size\" style=\"line-height:1.5\"><strong>Compte rendu de r\u00e9union du conseil municipal .<\/strong><\/p>\n\n\n\n<hr class=\"wp-block-separator has-css-opacity is-style-wide\"\/>\n\n\n\n<ul>\n<li>Retrouvez ici les compte-rendu de r\u00e9union<\/li>\n<\/ul>\n\n\n\n<div class=\"is-horizontal is-content-justification-center is-layout-flex wp-container-4 wp-block-buttons alignfull\">\n<div class=\"wp-block-button has-custom-width wp-block-button__width-100 is-style-fill\"><a class=\"wp-block-button__link has-white-color has-text-color has-background no-border-radius wp-element-button\" style=\"background-color:#000000\">En savoir plus<\/a><\/div>\n<\/div>\n<\/div>\n\n\n\n<div class=\"is-layout-flow wp-elements-153da374912b8fcc18fe9d7a230bffd9 wp-block-column has-text-color has-background has-link-color\" style=\"color:#000000;background-color:#c0ebf1;padding-top:2em;padding-right:2em;padding-bottom:2em;padding-left:2em\">\n<h2 id=\"patron\" style=\"font-size:40px\">Le conseil municipal<\/h2>\n\n\n\n<p class=\"has-normal-font-size\"><strong>Composition du conseil municipal<\/strong><\/p>\n\n\n\n<hr class=\"wp-block-separator has-css-opacity is-style-wide\"\/>\n\n\n\n<ul>\n<li>Les membres du conseil municipal <\/li>\n\n\n\n<li>Le personnel de la mairie <\/li>\n<\/ul>\n\n\n\n<div class=\"is-horizontal is-content-justification-center is-layout-flex wp-container-6 wp-block-buttons alignfull\">\n<div class=\"wp-block-button has-custom-width wp-block-button__width-100\"><a class=\"wp-block-button__link has-white-color has-text-color has-background no-border-radius wp-element-button\" style=\"background-color:#000000\">En savoir plus<\/a><\/div>\n<\/div>\n<\/div>\n<\/div>\n\n\n\n<div class=\"is-layout-flex wp-container-15 wp-block-columns alignwide\">\n<div class=\"is-layout-flow wp-elements-efdfb1e99433f22353a56d6e4d9f10fc wp-block-column has-text-color has-background has-link-color\" style=\"color:#000000;background-color:#ffe97d;padding-top:2em;padding-right:2em;padding-bottom:2em;padding-left:2em\">\n<h2 id=\"single\" style=\"font-size:40px\">La vie de la commune <\/h2>\n\n\n\n<p class=\"has-normal-font-size\" style=\"line-height:1.5\"><strong>Une commune pleine de vie<\/strong> <\/p>\n\n\n\n<hr class=\"wp-block-separator has-text-color has-css-opacity has-background is-style-wide\" style=\"background-color:#000000;color:#000000\"\/>\n\n\n\n<ul>\n<li>Retrouvez ici les \u00e9v\u00e8nements de la commune<\/li>\n<\/ul>\n\n\n\n<div class=\"is-horizontal is-content-justification-center is-layout-flex wp-container-9 wp-block-buttons alignfull\">\n<div class=\"wp-block-button has-custom-width wp-block-button__width-100\"><a class=\"wp-block-button__link has-white-color has-text-color has-background no-border-radius wp-element-button\" style=\"background-color:#000000\">En savoir plus<\/a><\/div>\n<\/div>\n<\/div>\n\n\n\n<div class=\"is-layout-flow wp-elements-fb4c012d51e53047562e7f9a25843833 wp-block-column has-text-color has-background has-link-color\" style=\"color:#000000;background-color:#d1d1e1;padding-top:2em;padding-right:2em;padding-bottom:2em;padding-left:2em\">\n<h2 id=\"family\" style=\"font-size:40px\">St Just et Vacqui\u00e8res, en chiffre<\/h2>\n\n\n\n<p class=\"has-normal-font-size\" style=\"line-height:1.5\"><strong>Les bilans, les chiffres en cours<\/strong><\/p>\n\n\n\n<hr class=\"wp-block-separator has-css-opacity is-style-wide\"\/>\n\n\n\n<ul>\n<li>Les bilans de l&rsquo;ann\u00e9e <\/li>\n\n\n\n<li>Le nombre d&rsquo;habitants<\/li>\n<\/ul>\n\n\n\n<div class=\"is-horizontal is-content-justification-center is-layout-flex wp-container-11 wp-block-buttons alignfull\">\n<div class=\"wp-block-button has-custom-width wp-block-button__width-100 is-style-fill\"><a class=\"wp-block-button__link has-white-color has-text-color has-background no-border-radius wp-element-button\" style=\"background-color:#000000\">En savoir plus <\/a><\/div>\n<\/div>\n<\/div>\n\n\n\n<div class=\"is-layout-flow wp-elements-6888894dbd7c1e8d951c9590d658d4ac wp-block-column has-text-color has-background has-link-color\" style=\"color:#000000;background-color:#c0ebf1;padding-top:2em;padding-right:2em;padding-bottom:2em;padding-left:2em\">\n<h2 id=\"patron\" style=\"font-size:40px\">La m\u00e9moire de commune <\/h2>\n\n\n\n<p class=\"has-normal-font-size\"><strong>St Just et Vacqui\u00e8res \u00e0 travers son histoire<\/strong><\/p>\n\n\n\n<hr class=\"wp-block-separator has-css-opacity is-style-wide\"\/>\n\n\n\n<ul>\n<li>Retrouvez ici tous les articles et publications d\u00e9di\u00e9es \u00e0 l&rsquo;histoire du village <\/li>\n<\/ul>\n\n\n\n<div class=\"is-horizontal is-content-justification-center is-layout-flex wp-container-13 wp-block-buttons alignfull\">\n<div class=\"wp-block-button has-custom-width wp-block-button__width-100\"><a class=\"wp-block-button__link has-white-color has-text-color has-background no-border-radius wp-element-button\" style=\"background-color:#000000\">En savoir plus<\/a><\/div>\n<\/div>\n<\/div>\n<\/div>\n","protected":false},"excerpt":{"rendered":"<p>Les travaux Travaux en cours, termin\u00e9s et projet R\u00e9union du conseil municipal Compte rendu de [&hellip;]<\/p>\n","protected":false},"author":1,"featured_media":0,"parent":0,"menu_order":0,"comment_status":"closed","ping_status":"closed","template":"","meta":{"om_disable_all_campaigns":false,"_mi_skip_tracking":false},"aioseo_notices":[],"_links":{"self":[{"href":"https:\/\/stjustetvacquieres.fr\/index.php\/wp-json\/wp\/v2\/pages\/96"}],"collection":[{"href":"https:\/\/stjustetvacquieres.fr\/index.php\/wp-json\/wp\/v2\/pages"}],"about":[{"href":"https:\/\/stjustetvacquieres.fr\/index.php\/wp-json\/wp\/v2\/types\/page"}],"author":[{"embeddable":true,"href":"https:\/\/stjustetvacquieres.fr\/index.php\/wp-json\/wp\/v2\/users\/1"}],"replies":[{"embeddable":true,"href":"https:\/\/stjustetvacquieres.fr\/index.php\/wp-json\/wp\/v2\/comments?post=96"}],"version-history":[{"count":6,"href":"https:\/\/stjustetvacquieres.fr\/index.php\/wp-json\/wp\/v2\/pages\/96\/revisions"}],"predecessor-version":[{"id":269,"href":"https:\/\/stjustetvacquieres.fr\/index.php\/wp-json\/wp\/v2\/pages\/96\/revisions\/269"}],"wp:attachment":[{"href":"https:\/\/stjustetvacquieres.fr\/index.php\/wp-json\/wp\/v2\/media?parent=96"}],"curies":[{"name":"wp","href":"https:\/\/api.w.org\/{rel}","templated":true}]}}

<div class="wp-block-cover" style="min-height:260px"><span aria-hidden="true" class="wp-block-cover__background has-background-dim wp-block-cover__gradient-background has-background-gradient" style="background:linear-gradient(90deg,rgb(0,0,0) 52%,rgba(150,149,240,0) 96%)"></span><img decoding="async" loading="lazy" width="8256" height="5504" class="wp-block-cover__image-background wp-image-179" alt="" src="https://stjustetvacquieres.fr/wp-content/uploads/2022/12/DSC_7899-2.jpg" data-object-fit="cover"/><div class="wp-block-cover__inner-container">
<div class="is-layout-constrained wp-container-1 wp-block-group alignwide">
<h2 class="has-background-color has-text-color">Vie Municipale</h2>
</div>
</div></div>



<div class="is-layout-flex wp-container-8 wp-block-columns alignwide">
<div class="is-layout-flow wp-elements-1d9d0fbd7d2e0bd3a7725d4ab5a56eaa wp-block-column has-text-color has-background has-link-color" style="color:#000000;background-color:#ffe97d;padding-top:2em;padding-right:2em;padding-bottom:2em;padding-left:2em">
<h2 id="single" style="font-size:40px">Les travaux</h2>



<p class="has-normal-font-size" style="line-height:1.5"><strong>Travaux en cours,  terminés et projet</strong></p>



<hr class="wp-block-separator has-text-color has-css-opacity has-background is-style-wide" style="background-color:#000000;color:#000000"/>



<ul>
<li>Retrouvez ici les projets, les travaux en cours et terminés</li>
</ul>



<div class="is-horizontal is-content-justification-center is-layout-flex wp-container-2 wp-block-buttons alignfull">
<div class="wp-block-button has-custom-width wp-block-button__width-100"><a class="wp-block-button__link has-white-color has-text-color has-background no-border-radius wp-element-button" href="https://stjustetvacquieres.fr/index.php/les-travaux/" style="background-color:#000000" target="_blank" rel="noreferrer noopener">En savoir plus</a></div>
</div>
</div>



<div class="is-layout-flow wp-elements-12a6e99d514c8d3f21489ecf2ac35f87 wp-block-column has-text-color has-background has-link-color" style="color:#000000;background-color:#d1d1e1;padding-top:2em;padding-right:2em;padding-bottom:2em;padding-left:2em">
<h2 id="family" style="font-size:40px">Réunion du conseil municipal</h2>



<p class="has-normal-font-size" style="line-height:1.5"><strong>Compte rendu de réunion du conseil municipal .</strong></p>



<hr class="wp-block-separator has-css-opacity is-style-wide"/>



<ul>
<li>Retrouvez ici les compte-rendu de réunion</li>
</ul>



<div class="is-horizontal is-content-justification-center is-layout-flex wp-container-4 wp-block-buttons alignfull">
<div class="wp-block-button has-custom-width wp-block-button__width-100 is-style-fill"><a class="wp-block-button__link has-white-color has-text-color has-background no-border-radius wp-element-button" style="background-color:#000000">En savoir plus</a></div>
</div>
</div>



<div class="is-layout-flow wp-elements-153da374912b8fcc18fe9d7a230bffd9 wp-block-column has-text-color has-background has-link-color" style="color:#000000;background-color:#c0ebf1;padding-top:2em;padding-right:2em;padding-bottom:2em;padding-left:2em">
<h2 id="patron" style="font-size:40px">Le conseil municipal</h2>



<p class="has-normal-font-size"><strong>Composition du conseil municipal</strong></p>



<hr class="wp-block-separator has-css-opacity is-style-wide"/>



<ul>
<li>Les membres du conseil municipal </li>



<li>Le personnel de la mairie </li>
</ul>



<div class="is-horizontal is-content-justification-center is-layout-flex wp-container-6 wp-block-buttons alignfull">
<div class="wp-block-button has-custom-width wp-block-button__width-100"><a class="wp-block-button__link has-white-color has-text-color has-background no-border-radius wp-element-button" style="background-color:#000000">En savoir plus</a></div>
</div>
</div>
</div>



<div class="is-layout-flex wp-container-15 wp-block-columns alignwide">
<div class="is-layout-flow wp-elements-efdfb1e99433f22353a56d6e4d9f10fc wp-block-column has-text-color has-background has-link-color" style="color:#000000;background-color:#ffe97d;padding-top:2em;padding-right:2em;padding-bottom:2em;padding-left:2em">
<h2 id="single" style="font-size:40px">La vie de la commune </h2>



<p class="has-normal-font-size" style="line-height:1.5"><strong>Une commune pleine de vie</strong> </p>



<hr class="wp-block-separator has-text-color has-css-opacity has-background is-style-wide" style="background-color:#000000;color:#000000"/>



<ul>
<li>Retrouvez ici les évènements de la commune</li>
</ul>



<div class="is-horizontal is-content-justification-center is-layout-flex wp-container-9 wp-block-buttons alignfull">
<div class="wp-block-button has-custom-width wp-block-button__width-100"><a class="wp-block-button__link has-white-color has-text-color has-background no-border-radius wp-element-button" style="background-color:#000000">En savoir plus</a></div>
</div>
</div>



<div class="is-layout-flow wp-elements-fb4c012d51e53047562e7f9a25843833 wp-block-column has-text-color has-background has-link-color" style="color:#000000;background-color:#d1d1e1;padding-top:2em;padding-right:2em;padding-bottom:2em;padding-left:2em">
<h2 id="family" style="font-size:40px">St Just et Vacquières, en chiffre</h2>



<p class="has-normal-font-size" style="line-height:1.5"><strong>Les bilans, les chiffres en cours</strong></p>



<hr class="wp-block-separator has-css-opacity is-style-wide"/>



<ul>
<li>Les bilans de l&rsquo;année </li>



<li>Le nombre d&rsquo;habitants</li>
</ul>



<div class="is-horizontal is-content-justification-center is-layout-flex wp-container-11 wp-block-buttons alignfull">
<div class="wp-block-button has-custom-width wp-block-button__width-100 is-style-fill"><a class="wp-block-button__link has-white-color has-text-color has-background no-border-radius wp-element-button" style="background-color:#000000">En savoir plus </a></div>
</div>
</div>



<div class="is-layout-flow wp-elements-6888894dbd7c1e8d951c9590d658d4ac wp-block-column has-text-color has-background has-link-color" style="color:#000000;background-color:#c0ebf1;padding-top:2em;padding-right:2em;padding-bottom:2em;padding-left:2em">
<h2 id="patron" style="font-size:40px">La mémoire de commune </h2>



<p class="has-normal-font-size"><strong>St Just et Vacquières à travers son histoire</strong></p>



<hr class="wp-block-separator has-css-opacity is-style-wide"/>



<ul>
<li>Retrouvez ici tous les articles et publications dédiées à l&rsquo;histoire du village </li>
</ul>



<div class="is-horizontal is-content-justification-center is-layout-flex wp-container-13 wp-block-buttons alignfull">
<div class="wp-block-button has-custom-width wp-block-button__width-100"><a class="wp-block-button__link has-white-color has-text-color has-background no-border-radius wp-element-button" style="background-color:#000000">En savoir plus</a></div>
</div>
</div>
</div>

<p>Les travaux Travaux en cours, terminés et projet Réunion du conseil municipal Compte rendu de [&hellip;]</p>
