{"id":58,"date":"2022-10-18T22:09:39","date_gmt":"2022-10-18T22:09:39","guid":{"rendered":"https:\/\/stjustetvacquieres.fr\/?page_id=58"},"modified":"2026-03-17T15:05:37","modified_gmt":"2026-03-17T15:05:37","slug":"demarches-en-ligne-et-liens-utiles","status":"publish","type":"page","link":"https:\/\/stjustetvacquieres.fr\/index.php\/demarches-en-ligne-et-liens-utiles\/","title":{"rendered":"D\u00e9marches en ligne et Liens utiles"},"content":{"rendered":"\n<div class=\"is-layout-flex wp-container-7 wp-block-columns alignwide\">\n<div class=\"is-layout-flow wp-elements-efb6fe4491788997b53e43fb103e43bb wp-block-column has-text-color has-background has-link-color\" style=\"color:#000000;background-color:#ffe97d;padding-top:2em;padding-right:2em;padding-bottom:2em;padding-left:2em\">\n<h2 id=\"single\" style=\"font-size:40px\">Espace Sant\u00e9<\/h2>\n\n\n\n<p class=\"has-normal-font-size\" style=\"line-height:1.5\">D\u00e9marches sant\u00e9 <\/p>\n\n\n\n<div class=\"is-horizontal is-content-justification-center is-layout-flex wp-container-1 wp-block-buttons alignfull\">\n<div class=\"wp-block-button has-custom-width wp-block-button__width-100\"><a class=\"wp-block-button__link has-white-color has-text-color has-background no-border-radius wp-element-button\" href=\"https:\/\/stjustetvacquieres.fr\/index.php\/espace-sante-connecte-mons\/\" style=\"background-color:#000000\">Planning espace sant\u00e9 Mons<\/a><\/div>\n\n\n\n<div class=\"wp-block-button has-custom-width wp-block-button__width-100\"><a class=\"wp-block-button__link has-white-color has-text-color has-background no-border-radius wp-element-button\" style=\"background-color:#000000\">Voir Plus<\/a><\/div>\n<\/div>\n<\/div>\n\n\n\n<div class=\"is-layout-flow wp-elements-1ca6169e3d8cb9a22c9131402dd4b5d2 wp-block-column has-text-color has-background has-link-color\" style=\"color:#000000;background-color:#d1d1e1;padding-top:2em;padding-right:2em;padding-bottom:2em;padding-left:2em\">\n<h2 id=\"family\" style=\"font-size:40px\">Location de la salle<\/h2>\n\n\n\n<p>En construction<\/p>\n\n\n\n<p><\/p>\n\n\n\n<div class=\"is-horizontal is-content-justification-center is-layout-flex wp-container-3 wp-block-buttons alignfull\">\n<div class=\"wp-block-button has-custom-width wp-block-button__width-100 is-style-fill\"><a class=\"wp-block-button__link has-white-color has-text-color has-background no-border-radius wp-element-button\" href=\"https:\/\/www.service-public.fr\/particuliers\/vosdroits\/N47\" style=\"background-color:#000000\">Lien vers la d\u00e9marche<\/a><\/div>\n<\/div>\n<\/div>\n\n\n\n<div class=\"is-layout-flow wp-elements-9fa4bee7156fe85d0bc0fed0108d7cad wp-block-column has-text-color has-background has-link-color\" style=\"color:#000000;background-color:#c0ebf1;padding-top:2em;padding-right:2em;padding-bottom:2em;padding-left:2em\">\n<h2 id=\"patron\" style=\"font-size:40px\">Associations <\/h2>\n\n\n\n<p><\/p>\n\n\n\n<p class=\"has-normal-font-size\"><\/p>\n\n\n\n<hr class=\"wp-block-separator has-css-opacity is-style-wide\"\/>\n\n\n\n<ul>\n<li>Formalit\u00e9s<\/li>\n\n\n\n<li>Fonctionnement <\/li>\n\n\n\n<li>Financement et fiscalit\u00e9<\/li>\n<\/ul>\n\n\n\n<div class=\"is-horizontal is-content-justification-center is-layout-flex wp-container-5 wp-block-buttons alignfull\">\n<div class=\"wp-block-button has-custom-width wp-block-button__width-100\"><a class=\"wp-block-button__link has-white-color has-text-color has-background no-border-radius wp-element-button\" href=\"https:\/\/www.service-public.fr\/particuliers\/vosdroits\/N31931\" style=\"background-color:#000000\">Lien vers les informations <\/a><\/div>\n<\/div>\n<\/div>\n<\/div>\n\n\n\n<div class=\"is-layout-flex wp-container-14 wp-block-columns alignwide\">\n<div class=\"is-layout-flow wp-elements-f961b26973855e2e5d13aa7b8918f07f wp-block-column has-text-color has-background has-link-color\" style=\"color:#000000;background-color:#ffe97d;padding-top:2em;padding-right:2em;padding-bottom:2em;padding-left:2em\">\n<h2 id=\"single\" style=\"font-size:40px\">Acte d&rsquo;\u00e9tat civil<\/h2>\n\n\n\n<p class=\"has-normal-font-size\" style=\"line-height:1.5\">Certaines d\u00e9marches n\u00e9cessitent la production d&rsquo;actes d&rsquo;\u00e9tat civil (acte de naissance, de mariage, de d\u00e9c\u00e8s). Les fiches d&rsquo;\u00e9tat civil n&rsquo;existent plus<\/p>\n\n\n\n<div class=\"is-horizontal is-content-justification-center is-layout-flex wp-container-8 wp-block-buttons alignfull\">\n<div class=\"wp-block-button has-custom-width wp-block-button__width-100\"><a class=\"wp-block-button__link has-white-color has-text-color has-background no-border-radius wp-element-button\" style=\"background-color:#000000\">Lien vers la d\u00e9marche<\/a><\/div>\n<\/div>\n<\/div>\n\n\n\n<div class=\"is-layout-flow wp-elements-a83c24e670808185026eca21565fe87d wp-block-column has-text-color has-background has-link-color\" style=\"color:#000000;background-color:#d1d1e1;padding-top:2em;padding-right:2em;padding-bottom:2em;padding-left:2em\">\n<h2 id=\"family\" style=\"font-size:40px\">Elections<\/h2>\n\n\n\n<p>Pour participer aux \u00e9lections politiques, il faut \u00eatre inscrit sur les listes \u00e9lectorales. L&rsquo;inscription est automatique pour les jeunes de 18 ans (sous certaines conditions) et pour les personnes obtenant la nationalit\u00e9 fran\u00e7aise apr\u00e8s 2018. Si vous vous trouvez dans une autre situation (d\u00e9m\u00e9nagement, recouvrement de l&rsquo;exercice du droit de vote, citoyen europ\u00e9en r\u00e9sidant en France&#8230;), vous devez faire la d\u00e9marche de vous inscrire.<\/p>\n\n\n\n<div class=\"is-horizontal is-content-justification-center is-layout-flex wp-container-10 wp-block-buttons alignfull\">\n<div class=\"wp-block-button has-custom-width wp-block-button__width-100 is-style-fill\"><a class=\"wp-block-button__link has-white-color has-text-color has-background no-border-radius wp-element-button\" href=\"https:\/\/www.service-public.fr\/particuliers\/vosdroits\/N47\" style=\"background-color:#000000\">Lien vers la d\u00e9marche<\/a><\/div>\n<\/div>\n<\/div>\n\n\n\n<div class=\"is-layout-flow wp-elements-e86591d232edbc8a9da8ef9a12f7909e wp-block-column has-text-color has-background has-link-color\" style=\"color:#000000;background-color:#c0ebf1;padding-top:2em;padding-right:2em;padding-bottom:2em;padding-left:2em\">\n<h2 id=\"patron\" style=\"font-size:40px\">En construction<\/h2>\n\n\n\n<p class=\"has-normal-font-size\"><\/p>\n\n\n\n<hr class=\"wp-block-separator has-css-opacity is-style-wide\"\/>\n\n\n\n<ul>\n<li>Formalit\u00e9s<\/li>\n\n\n\n<li>Fonctionnement <\/li>\n\n\n\n<li>Financement et fiscalit\u00e9<\/li>\n<\/ul>\n\n\n\n<div class=\"is-horizontal is-content-justification-center is-layout-flex wp-container-12 wp-block-buttons alignfull\">\n<div class=\"wp-block-button has-custom-width wp-block-button__width-100\"><a class=\"wp-block-button__link has-white-color has-text-color has-background no-border-radius wp-element-button\" href=\"https:\/\/www.service-public.fr\/particuliers\/vosdroits\/N31931\" style=\"background-color:#000000\">Lien vers les informations <\/a><\/div>\n<\/div>\n<\/div>\n<\/div>\n\n\n\n<div class=\"is-layout-flex wp-container-21 wp-block-columns alignwide\">\n<div class=\"is-layout-flow wp-elements-383c13e58acae91da406b14f486414a7 wp-block-column has-text-color has-background has-link-color\" style=\"color:#000000;background-color:#ffe97d;padding-top:2em;padding-right:2em;padding-bottom:2em;padding-left:2em\">\n<h2 id=\"single\" style=\"font-size:40px\">Recensement Citoyen<\/h2>\n\n\n\n<p>V\u00e9rifi\u00e9 le 02 juin 2020 &#8211; Direction de l&rsquo;information l\u00e9gale et administrative (Premier ministre)<\/p>\n\n\n\n<hr class=\"wp-block-separator has-text-color has-css-opacity has-background is-style-wide\" style=\"background-color:#000000;color:#000000\"\/>\n\n\n\n<p>Chaque jeune Fran\u00e7ais de 16&nbsp;ans doit se faire recenser. Son recensement citoyen (parfois appel\u00e9 par erreur&nbsp;<em>recensement militaire<\/em>) fait, il re\u00e7oit une&nbsp;<em>attestation de recensement<\/em>. Il doit pr\u00e9senter cette attestation lors de certaines d\u00e9marches (par exemple, pour son inscription au bac avant 18&nbsp;ans). Le recensement permet \u00e0 l&rsquo;administration de convoquer le jeune \u00e0 la journ\u00e9e d\u00e9fense et citoyennet\u00e9 (JDC).<\/p>\n\n\n\n<p>La d\u00e9marche varie selon que vous vivez&nbsp;<strong>en France<\/strong>&nbsp;ou&nbsp;<strong>\u00e0 l&rsquo;\u00e9tranger<\/strong>.<\/p>\n\n\n\n<div class=\"is-horizontal is-content-justification-center is-layout-flex wp-container-15 wp-block-buttons alignfull\">\n<div class=\"wp-block-button has-custom-width wp-block-button__width-100\"><a class=\"wp-block-button__link has-white-color has-text-color has-background no-border-radius wp-element-button\" href=\"https:\/\/www.service-public.fr\/particuliers\/vosdroits\/F870#:~:text=Jeune%20n%C3%A9%20Fran%C3%A7ais,et%20le%2030%20avril%202022.\" style=\"background-color:#000000\">Lien vers les informations<\/a><\/div>\n\n\n\n<div class=\"wp-block-button has-custom-width wp-block-button__width-100\"><a class=\"wp-block-button__link has-white-color has-text-color has-background no-border-radius wp-element-button\" href=\"https:\/\/www.service-public.fr\/particuliers\/vosdroits\/R2054\" style=\"background-color:#000000\">Lien vers la d\u00e9marche en ligne <\/a><\/div>\n<\/div>\n<\/div>\n\n\n\n<div class=\"is-layout-flow wp-elements-20d983f00dd834b99a3f5d990f496131 wp-block-column has-text-color has-background has-link-color\" style=\"color:#000000;background-color:#d1d1e1;padding-top:2em;padding-right:2em;padding-bottom:2em;padding-left:2em\">\n<h2 id=\"family\" style=\"font-size:40px\">Carte d&rsquo;identit\u00e9<\/h2>\n\n\n\n<p class=\"has-normal-font-size\" style=\"line-height:1.5\"><strong>Soutenez les expositions sp\u00e9ciales.<\/strong><\/p>\n\n\n\n<hr class=\"wp-block-separator has-css-opacity is-style-wide\"\/>\n\n\n\n<p>Pour demander une carte nationale d&rsquo;identit\u00e9, les pi\u00e8ces justificatives n\u00e9cessaires d\u00e9pendent de la situation : majeur ou mineur, premi\u00e8re demande ou renouvellement, possession (ou non) d&rsquo;un passeport&#8230; Les d\u00e9lais de fabrication d\u00e9pendent du lieu et de la p\u00e9riode. S&rsquo;il s&rsquo;agit d&rsquo;une nouvelle carte d&rsquo;identit\u00e9 (format carte bancaire), elle est valable 10 ans.<\/p>\n\n\n\n<div class=\"is-horizontal is-content-justification-center is-layout-flex wp-container-17 wp-block-buttons alignfull\">\n<div class=\"wp-block-button has-custom-width wp-block-button__width-100 is-style-fill\"><a class=\"wp-block-button__link has-white-color has-text-color has-background no-border-radius wp-element-button\" href=\"https:\/\/www.service-public.fr\/particuliers\/vosdroits\/N358\" style=\"background-color:#000000\">D\u00e9marche en ligne <\/a><\/div>\n\n\n\n<div class=\"wp-block-button has-custom-width wp-block-button__width-100 is-style-fill\"><a class=\"wp-block-button__link has-white-color has-text-color has-background no-border-radius wp-element-button\" href=\"https:\/\/www.espace-citoyens.net\/alesagglo\/espace-citoyens\/Demande\/NouvelleDemande\/ETATCIVIL\/PASSEP_CIN\" style=\"background-color:#000000\">Prise de rendez-vous <\/a><\/div>\n<\/div>\n<\/div>\n\n\n\n<div class=\"is-layout-flow wp-elements-edf9e7e94b315d3ec79b226122d1df6e wp-block-column has-text-color has-background has-link-color\" style=\"color:#000000;background-color:#c0ebf1;padding-top:2em;padding-right:2em;padding-bottom:2em;padding-left:2em\">\n<h2 id=\"patron\" style=\"font-size:40px\"><strong>Passeport<\/strong><\/h2>\n\n\n\n<p class=\"has-normal-font-size\"><strong>Soutenez-nous encore plus.<\/strong><\/p>\n\n\n\n<hr class=\"wp-block-separator has-css-opacity is-style-wide\"\/>\n\n\n\n<p>Pour faire un passeport biom\u00e9trique, il faut le demander dans une mairie \u00e9quip\u00e9e avec les justificatifs n\u00e9cessaires. Les documents d\u00e9pendent de la situation : majeur ou mineur, premi\u00e8re demande ou renouvellement&#8230;. Dans tous les cas, il faut fournir une photo, un justificatif de domicile et un timbre fiscal. En France, il co\u00fbte&nbsp;<strong>86&nbsp;\u20ac<\/strong>&nbsp;pour un majeur. Vous pouvez pr\u00e9-remplir le dossier sur le site ants.gouv.fr. Le d\u00e9lai pour faire le passeport d\u00e9pend de la p\u00e9riode et du lieu.<\/p>\n\n\n\n<div class=\"is-horizontal is-content-justification-center is-layout-flex wp-container-19 wp-block-buttons alignfull\">\n<div class=\"wp-block-button has-custom-width wp-block-button__width-100\"><a class=\"wp-block-button__link has-white-color has-text-color has-background no-border-radius wp-element-button\" href=\"https:\/\/www.service-public.fr\/particuliers\/vosdroits\/N360\" style=\"background-color:#000000\">D\u00e9marche en ligne<\/a><\/div>\n\n\n\n<div class=\"wp-block-button has-custom-width wp-block-button__width-100\"><a class=\"wp-block-button__link has-white-color has-text-color has-background no-border-radius wp-element-button\" href=\"https:\/\/www.espace-citoyens.net\/alesagglo\/espace-citoyens\/Demande\/NouvelleDemande\/ETATCIVIL\/PASSEP_CIN\" style=\"background-color:#000000\">Prise de rendez-vous <\/a><\/div>\n<\/div>\n<\/div>\n<\/div>\n","protected":false},"excerpt":{"rendered":"<p>Espace Sant\u00e9 D\u00e9marches sant\u00e9 Location de la salle En construction Associations Acte d&rsquo;\u00e9tat civil Certaines [&hellip;]<\/p>\n","protected":false},"author":1,"featured_media":0,"parent":0,"menu_order":0,"comment_status":"closed","ping_status":"closed","template":"","meta":{"om_disable_all_campaigns":false,"_mi_skip_tracking":false},"aioseo_notices":[],"_links":{"self":[{"href":"https:\/\/stjustetvacquieres.fr\/index.php\/wp-json\/wp\/v2\/pages\/58"}],"collection":[{"href":"https:\/\/stjustetvacquieres.fr\/index.php\/wp-json\/wp\/v2\/pages"}],"about":[{"href":"https:\/\/stjustetvacquieres.fr\/index.php\/wp-json\/wp\/v2\/types\/page"}],"author":[{"embeddable":true,"href":"https:\/\/stjustetvacquieres.fr\/index.php\/wp-json\/wp\/v2\/users\/1"}],"replies":[{"embeddable":true,"href":"https:\/\/stjustetvacquieres.fr\/index.php\/wp-json\/wp\/v2\/comments?post=58"}],"version-history":[{"count":7,"href":"https:\/\/stjustetvacquieres.fr\/index.php\/wp-json\/wp\/v2\/pages\/58\/revisions"}],"predecessor-version":[{"id":271,"href":"https:\/\/stjustetvacquieres.fr\/index.php\/wp-json\/wp\/v2\/pages\/58\/revisions\/271"}],"wp:attachment":[{"href":"https:\/\/stjustetvacquieres.fr\/index.php\/wp-json\/wp\/v2\/media?parent=58"}],"curies":[{"name":"wp","href":"https:\/\/api.w.org\/{rel}","templated":true}]}}

Démarches en ligne et Liens utiles

<div class="is-layout-flex wp-container-7 wp-block-columns alignwide">
<div class="is-layout-flow wp-elements-efb6fe4491788997b53e43fb103e43bb wp-block-column has-text-color has-background has-link-color" style="color:#000000;background-color:#ffe97d;padding-top:2em;padding-right:2em;padding-bottom:2em;padding-left:2em">
<h2 id="single" style="font-size:40px">Espace Santé</h2>



<p class="has-normal-font-size" style="line-height:1.5">Démarches santé </p>



<div class="is-horizontal is-content-justification-center is-layout-flex wp-container-1 wp-block-buttons alignfull">
<div class="wp-block-button has-custom-width wp-block-button__width-100"><a class="wp-block-button__link has-white-color has-text-color has-background no-border-radius wp-element-button" href="https://stjustetvacquieres.fr/index.php/espace-sante-connecte-mons/" style="background-color:#000000">Planning espace santé Mons</a></div>



<div class="wp-block-button has-custom-width wp-block-button__width-100"><a class="wp-block-button__link has-white-color has-text-color has-background no-border-radius wp-element-button" style="background-color:#000000">Voir Plus</a></div>
</div>
</div>



<div class="is-layout-flow wp-elements-1ca6169e3d8cb9a22c9131402dd4b5d2 wp-block-column has-text-color has-background has-link-color" style="color:#000000;background-color:#d1d1e1;padding-top:2em;padding-right:2em;padding-bottom:2em;padding-left:2em">
<h2 id="family" style="font-size:40px">Location de la salle</h2>



<p>En construction</p>



<p></p>



<div class="is-horizontal is-content-justification-center is-layout-flex wp-container-3 wp-block-buttons alignfull">
<div class="wp-block-button has-custom-width wp-block-button__width-100 is-style-fill"><a class="wp-block-button__link has-white-color has-text-color has-background no-border-radius wp-element-button" href="https://www.service-public.fr/particuliers/vosdroits/N47" style="background-color:#000000">Lien vers la démarche</a></div>
</div>
</div>



<div class="is-layout-flow wp-elements-9fa4bee7156fe85d0bc0fed0108d7cad wp-block-column has-text-color has-background has-link-color" style="color:#000000;background-color:#c0ebf1;padding-top:2em;padding-right:2em;padding-bottom:2em;padding-left:2em">
<h2 id="patron" style="font-size:40px">Associations </h2>



<p></p>



<p class="has-normal-font-size"></p>



<hr class="wp-block-separator has-css-opacity is-style-wide"/>



<ul>
<li>Formalités</li>



<li>Fonctionnement </li>



<li>Financement et fiscalité</li>
</ul>



<div class="is-horizontal is-content-justification-center is-layout-flex wp-container-5 wp-block-buttons alignfull">
<div class="wp-block-button has-custom-width wp-block-button__width-100"><a class="wp-block-button__link has-white-color has-text-color has-background no-border-radius wp-element-button" href="https://www.service-public.fr/particuliers/vosdroits/N31931" style="background-color:#000000">Lien vers les informations </a></div>
</div>
</div>
</div>



<div class="is-layout-flex wp-container-14 wp-block-columns alignwide">
<div class="is-layout-flow wp-elements-f961b26973855e2e5d13aa7b8918f07f wp-block-column has-text-color has-background has-link-color" style="color:#000000;background-color:#ffe97d;padding-top:2em;padding-right:2em;padding-bottom:2em;padding-left:2em">
<h2 id="single" style="font-size:40px">Acte d&rsquo;état civil</h2>



<p class="has-normal-font-size" style="line-height:1.5">Certaines démarches nécessitent la production d&rsquo;actes d&rsquo;état civil (acte de naissance, de mariage, de décès). Les fiches d&rsquo;état civil n&rsquo;existent plus</p>



<div class="is-horizontal is-content-justification-center is-layout-flex wp-container-8 wp-block-buttons alignfull">
<div class="wp-block-button has-custom-width wp-block-button__width-100"><a class="wp-block-button__link has-white-color has-text-color has-background no-border-radius wp-element-button" style="background-color:#000000">Lien vers la démarche</a></div>
</div>
</div>



<div class="is-layout-flow wp-elements-a83c24e670808185026eca21565fe87d wp-block-column has-text-color has-background has-link-color" style="color:#000000;background-color:#d1d1e1;padding-top:2em;padding-right:2em;padding-bottom:2em;padding-left:2em">
<h2 id="family" style="font-size:40px">Elections</h2>



<p>Pour participer aux élections politiques, il faut être inscrit sur les listes électorales. L&rsquo;inscription est automatique pour les jeunes de 18 ans (sous certaines conditions) et pour les personnes obtenant la nationalité française après 2018. Si vous vous trouvez dans une autre situation (déménagement, recouvrement de l&rsquo;exercice du droit de vote, citoyen européen résidant en France&#8230;), vous devez faire la démarche de vous inscrire.</p>



<div class="is-horizontal is-content-justification-center is-layout-flex wp-container-10 wp-block-buttons alignfull">
<div class="wp-block-button has-custom-width wp-block-button__width-100 is-style-fill"><a class="wp-block-button__link has-white-color has-text-color has-background no-border-radius wp-element-button" href="https://www.service-public.fr/particuliers/vosdroits/N47" style="background-color:#000000">Lien vers la démarche</a></div>
</div>
</div>



<div class="is-layout-flow wp-elements-e86591d232edbc8a9da8ef9a12f7909e wp-block-column has-text-color has-background has-link-color" style="color:#000000;background-color:#c0ebf1;padding-top:2em;padding-right:2em;padding-bottom:2em;padding-left:2em">
<h2 id="patron" style="font-size:40px">En construction</h2>



<p class="has-normal-font-size"></p>



<hr class="wp-block-separator has-css-opacity is-style-wide"/>



<ul>
<li>Formalités</li>



<li>Fonctionnement </li>



<li>Financement et fiscalité</li>
</ul>



<div class="is-horizontal is-content-justification-center is-layout-flex wp-container-12 wp-block-buttons alignfull">
<div class="wp-block-button has-custom-width wp-block-button__width-100"><a class="wp-block-button__link has-white-color has-text-color has-background no-border-radius wp-element-button" href="https://www.service-public.fr/particuliers/vosdroits/N31931" style="background-color:#000000">Lien vers les informations </a></div>
</div>
</div>
</div>



<div class="is-layout-flex wp-container-21 wp-block-columns alignwide">
<div class="is-layout-flow wp-elements-383c13e58acae91da406b14f486414a7 wp-block-column has-text-color has-background has-link-color" style="color:#000000;background-color:#ffe97d;padding-top:2em;padding-right:2em;padding-bottom:2em;padding-left:2em">
<h2 id="single" style="font-size:40px">Recensement Citoyen</h2>



<p>Vérifié le 02 juin 2020 &#8211; Direction de l&rsquo;information légale et administrative (Premier ministre)</p>



<hr class="wp-block-separator has-text-color has-css-opacity has-background is-style-wide" style="background-color:#000000;color:#000000"/>



<p>Chaque jeune Français de 16&nbsp;ans doit se faire recenser. Son recensement citoyen (parfois appelé par erreur&nbsp;<em>recensement militaire</em>) fait, il reçoit une&nbsp;<em>attestation de recensement</em>. Il doit présenter cette attestation lors de certaines démarches (par exemple, pour son inscription au bac avant 18&nbsp;ans). Le recensement permet à l&rsquo;administration de convoquer le jeune à la journée défense et citoyenneté (JDC).</p>



<p>La démarche varie selon que vous vivez&nbsp;<strong>en France</strong>&nbsp;ou&nbsp;<strong>à l&rsquo;étranger</strong>.</p>



<div class="is-horizontal is-content-justification-center is-layout-flex wp-container-15 wp-block-buttons alignfull">
<div class="wp-block-button has-custom-width wp-block-button__width-100"><a class="wp-block-button__link has-white-color has-text-color has-background no-border-radius wp-element-button" href="https://www.service-public.fr/particuliers/vosdroits/F870#:~:text=Jeune%20n%C3%A9%20Fran%C3%A7ais,et%20le%2030%20avril%202022." style="background-color:#000000">Lien vers les informations</a></div>



<div class="wp-block-button has-custom-width wp-block-button__width-100"><a class="wp-block-button__link has-white-color has-text-color has-background no-border-radius wp-element-button" href="https://www.service-public.fr/particuliers/vosdroits/R2054" style="background-color:#000000">Lien vers la démarche en ligne </a></div>
</div>
</div>



<div class="is-layout-flow wp-elements-20d983f00dd834b99a3f5d990f496131 wp-block-column has-text-color has-background has-link-color" style="color:#000000;background-color:#d1d1e1;padding-top:2em;padding-right:2em;padding-bottom:2em;padding-left:2em">
<h2 id="family" style="font-size:40px">Carte d&rsquo;identité</h2>



<p class="has-normal-font-size" style="line-height:1.5"><strong>Soutenez les expositions spéciales.</strong></p>



<hr class="wp-block-separator has-css-opacity is-style-wide"/>



<p>Pour demander une carte nationale d&rsquo;identité, les pièces justificatives nécessaires dépendent de la situation : majeur ou mineur, première demande ou renouvellement, possession (ou non) d&rsquo;un passeport&#8230; Les délais de fabrication dépendent du lieu et de la période. S&rsquo;il s&rsquo;agit d&rsquo;une nouvelle carte d&rsquo;identité (format carte bancaire), elle est valable 10 ans.</p>



<div class="is-horizontal is-content-justification-center is-layout-flex wp-container-17 wp-block-buttons alignfull">
<div class="wp-block-button has-custom-width wp-block-button__width-100 is-style-fill"><a class="wp-block-button__link has-white-color has-text-color has-background no-border-radius wp-element-button" href="https://www.service-public.fr/particuliers/vosdroits/N358" style="background-color:#000000">Démarche en ligne </a></div>



<div class="wp-block-button has-custom-width wp-block-button__width-100 is-style-fill"><a class="wp-block-button__link has-white-color has-text-color has-background no-border-radius wp-element-button" href="https://www.espace-citoyens.net/alesagglo/espace-citoyens/Demande/NouvelleDemande/ETATCIVIL/PASSEP_CIN" style="background-color:#000000">Prise de rendez-vous </a></div>
</div>
</div>



<div class="is-layout-flow wp-elements-edf9e7e94b315d3ec79b226122d1df6e wp-block-column has-text-color has-background has-link-color" style="color:#000000;background-color:#c0ebf1;padding-top:2em;padding-right:2em;padding-bottom:2em;padding-left:2em">
<h2 id="patron" style="font-size:40px"><strong>Passeport</strong></h2>



<p class="has-normal-font-size"><strong>Soutenez-nous encore plus.</strong></p>



<hr class="wp-block-separator has-css-opacity is-style-wide"/>



<p>Pour faire un passeport biométrique, il faut le demander dans une mairie équipée avec les justificatifs nécessaires. Les documents dépendent de la situation : majeur ou mineur, première demande ou renouvellement&#8230;. Dans tous les cas, il faut fournir une photo, un justificatif de domicile et un timbre fiscal. En France, il coûte&nbsp;<strong>86&nbsp;€</strong>&nbsp;pour un majeur. Vous pouvez pré-remplir le dossier sur le site ants.gouv.fr. Le délai pour faire le passeport dépend de la période et du lieu.</p>



<div class="is-horizontal is-content-justification-center is-layout-flex wp-container-19 wp-block-buttons alignfull">
<div class="wp-block-button has-custom-width wp-block-button__width-100"><a class="wp-block-button__link has-white-color has-text-color has-background no-border-radius wp-element-button" href="https://www.service-public.fr/particuliers/vosdroits/N360" style="background-color:#000000">Démarche en ligne</a></div>



<div class="wp-block-button has-custom-width wp-block-button__width-100"><a class="wp-block-button__link has-white-color has-text-color has-background no-border-radius wp-element-button" href="https://www.espace-citoyens.net/alesagglo/espace-citoyens/Demande/NouvelleDemande/ETATCIVIL/PASSEP_CIN" style="background-color:#000000">Prise de rendez-vous </a></div>
</div>
</div>
</div>

<p>Espace Santé Démarches santé Location de la salle En construction Associations Acte d&rsquo;état civil Certaines [&hellip;]</p>
