{"id":144,"date":"2022-11-06T11:39:48","date_gmt":"2022-11-06T11:39:48","guid":{"rendered":"https:\/\/stjustetvacquieres.fr\/?page_id=144"},"modified":"2022-11-06T11:39:48","modified_gmt":"2022-11-06T11:39:48","slug":"espace-sante-connecte-mons","status":"publish","type":"page","link":"https:\/\/stjustetvacquieres.fr\/index.php\/espace-sante-connecte-mons\/","title":{"rendered":"Espace sant\u00e9 connect\u00e9 Mons"},"content":{"rendered":"\n<p>Situ\u00e9 2 Place de la Mairie 30340 Mons, le cabinet de t\u00e9l\u00e9consultation assure une permanence.<\/p>\n\n\n\n<p>Veuillez retrouvez la situation g\u00e9ographique en cliquant sur le lien: <\/p>\n\n\n\n<p><a href=\"https:\/\/goo.gl\/maps\/UF7YB2xsK3Lij4FH6\">https:\/\/goo.gl\/maps\/UF7YB2xsK3Lij4FH6<\/a><\/p>\n\n\n\n<p>Toutes les informations : <a href=\"https:\/\/www.tessan.io\/entreprises\/mairie-de-mons-30340\">https:\/\/www.tessan.io\/entreprises\/mairie-de-mons-30340<\/a><\/p>\n\n\n\n<p><\/p>\n\n\n\n<h2>Planning Novembre<\/h2>\n\n\n\n<figure class=\"wp-block-image size-full\"><img decoding=\"async\" loading=\"lazy\" width=\"715\" height=\"424\" src=\"https:\/\/stjustetvacquieres.fr\/wp-content\/uploads\/2022\/11\/Planning-Espace-sante-Mons.jpg\" alt=\"\" class=\"wp-image-145\" srcset=\"https:\/\/stjustetvacquieres.fr\/wp-content\/uploads\/2022\/11\/Planning-Espace-sante-Mons.jpg 715w, https:\/\/stjustetvacquieres.fr\/wp-content\/uploads\/2022\/11\/Planning-Espace-sante-Mons-300x178.jpg 300w\" sizes=\"(max-width: 715px) 100vw, 715px\" \/><\/figure>\n","protected":false},"excerpt":{"rendered":"<p>Situ\u00e9 2 Place de la Mairie 30340 Mons, le cabinet de t\u00e9l\u00e9consultation assure une permanence. [&hellip;]<\/p>\n","protected":false},"author":1,"featured_media":0,"parent":0,"menu_order":0,"comment_status":"closed","ping_status":"closed","template":"","meta":{"om_disable_all_campaigns":false,"_mi_skip_tracking":false},"aioseo_notices":[],"_links":{"self":[{"href":"https:\/\/stjustetvacquieres.fr\/index.php\/wp-json\/wp\/v2\/pages\/144"}],"collection":[{"href":"https:\/\/stjustetvacquieres.fr\/index.php\/wp-json\/wp\/v2\/pages"}],"about":[{"href":"https:\/\/stjustetvacquieres.fr\/index.php\/wp-json\/wp\/v2\/types\/page"}],"author":[{"embeddable":true,"href":"https:\/\/stjustetvacquieres.fr\/index.php\/wp-json\/wp\/v2\/users\/1"}],"replies":[{"embeddable":true,"href":"https:\/\/stjustetvacquieres.fr\/index.php\/wp-json\/wp\/v2\/comments?post=144"}],"version-history":[{"count":1,"href":"https:\/\/stjustetvacquieres.fr\/index.php\/wp-json\/wp\/v2\/pages\/144\/revisions"}],"predecessor-version":[{"id":146,"href":"https:\/\/stjustetvacquieres.fr\/index.php\/wp-json\/wp\/v2\/pages\/144\/revisions\/146"}],"wp:attachment":[{"href":"https:\/\/stjustetvacquieres.fr\/index.php\/wp-json\/wp\/v2\/media?parent=144"}],"curies":[{"name":"wp","href":"https:\/\/api.w.org\/{rel}","templated":true}]}}